
-21
Calculate -26 + (-21 - -41) + 5.
-1
What is the value of -9 + (-8 - (-12 + 5)) + 4?
-6
What is (7 - (13 + (-41 - -18))) + -3?
14
Calculate -18 + 2 - (1 - 16 - -18).
-19
What is -1 + (11 - 1 - (184 + -170))?
-5
Evaluate -268 + 260 - (-2 + 1).
-7
Evaluate (-12 - -19) + (3 - 0).
10
Calculate 6 - ((-5 - 5) + 22 + 16).
-22
What is (-8 - (-10 + (7 + -5 - -1))) + 1?
0
What is -56 + 15 - (-43 - -36)?
-34
What is the value of 26 + (-37 + 5 - 0)?
-6
Evaluate 225 - 230 - (-6 - (1 - 1)) - 5.
-4
Evaluate 35 + (24 - 30) + -7.
22
What is -2 + -13 + (0 - (-7 + 11 - 3))?
-16
Calculate 19 + -10 - 22 - (-4 + -1).
-8
What is the value of (1 - -3) + 0 + (12 - (0 + 17))?
-1
Evaluate 6 - -2 - (-5 + (-14 - -11) + 16).
0
What is 7 + -21 + 4 + (2 - 3)?
-11
Calculate -3 + 2 + -6 + 2 - (-141 - -137).
-1
What is (-2 - 4 - 18) + (18 - 10)?
-16
What is the value of -46 + 34 + (0 + -2 + -2 - -2)?
-14
7 + (16 - (3 + 14))
6
3 + -1 - (7 - (9 - 14 - -15))
5
0 - (5 - 7 - (-4 + -1 + -2))
-5
What is the value of 1 + -9 - (6 + -12)?
-2
Evaluate 2 + 23 - (-4 + 21 - (-2 + 9)).
15
(1 - 12) + -45 + 97 + 5 + -10
36
Calculate -27 - (-2 + -10 + 16 + -12).
-19
What is 0 + -10 - 38 - 0 - -19?
-29
What is the value of -1 + (5 - 1) - (1 - 2 - 2)?
6
What is -13 + (-5 - -1 - (-173 - -159))?
-3
What is 12 + 25 + -27 - 4?
6
5 + 8 - (9 + (-6 - -34))
-24
Calculate (-10 - -1) + (19 - 6 - 14).
-10
-1 + (-96 + 44 - -26)
-27
Evaluate -13 + 1 - (-19 + 1 + 4).
2
What is -18 - -20 - (1 - 1) - (-1 - 10)?
13
What is the value of 0 + 1 + (-1 - (-24 - -43 - 32))?
13
(-13 - (-11 - 8)) + -10 - (-1 + -1)
-2
What is the value of 9 - (-133 + 122 + 39 + 2)?
-21
What is the value of 0 + 15 - ((-369 - -353) + (2 - -18))?
11
What is the value of (2 + (-17 - -12) - (-10 + 1)) + 2?
8
-15 - ((2 - 11) + 1) - 10
-17
What is -15 - (-35 + 7 + 16)?
-3
What is -1 - 1 - (-12 + (-17 + 5 - -4))?
18
What is -86 - -104 - (2 + -4 - -3)?
17
Evaluate 0 + 1 + 1 + -3211 + 3177.
-32
Evaluate -15 + 8 + -1 + (3 - 7).
-12
Calculate 15 + (-27 + 21 - 10).
-1
Calculate 17 + -4 + (53 - 76).
-10
What is -9 - (2 + (14 - 1) + (-12 - -4))?
-16
What is -10 + (-24 - (-48 - -30))?
-16
What is the value of -10 + (-14 - -24) - (1 + -1 - 5)?
5
What is -28 + 19 + -17 + -12 + 29?
-9
What is -163 - -155 - (-6 - 1)?
-1
Calculate (-39 - (36 + -33)) + 26.
-16
1 + 6 + (6 - 17 - 19)
-23
Calculate (-20 - -17) + (4 - 2).
-1
What is 14 - 2 - (-2 - (2 + 0 + -5))?
11
What is 131 + -153 + (0 - (6 - 1)) + 6?
-21
What is 19 - (46 + -29 + 18)?
-16
Calculate 0 + -3 - ((0 - 17) + 10 + -6).
10
Evaluate -37 + 35 - (-4 - 15 - 3).
20
Evaluate (14 + -7 - 13) + 14 + (-6 - -5).
7
Calculate 17 - (25 - -6) - (0 - (-3 + 7)).
-10
What is -18 - (-28 + 19 + -24)?
15
What is -4 + 7 + (-2 - -1) - (-3 + 6)?
-1
Calculate -7 - 1 - (6 - 16 - -20).
-18
Calculate 10 - (11 - (1 - -7) - 3).
10
Calculate 8 + (-14 + 19 - (-9 - -1)).
21
Calculate 38 - (7 - 13 - -3).
41
What is -11 + 14 - -10 - 25?
-12
What is -15 - (-36 + 3) - 10?
8
Calculate 4 - (8 - -2) - (7 + (-3 - 3)).
-7
Calculate -3 + 1 - (-3 - 5) - 13.
-7
What is -5 - (-21 + 10 - -7 - (5 - 2))?
2
What is the value of (-11 - -1) + (148 - 142)?
-4
Evaluate 1 - 7 - (-42 - -45).
-9
-14 + 1 + 2 - (-305 - -297)
-3
What is -6 - (-69 - -53) - (1 + 14)?
-5
(11 - 2) + (3 - 8)
4
What is the value of -19 + (64 - 14 - 15)?
16
Evaluate (-357 - -359) + (0 - -1 - -1 - 0).
4
2 + (7 - -6) - 2 - 27
-14
What is 25 + 11 + -16 + -15?
5
9 + 8 + -33 + -1
-17
What is (4 - 5 - 13) + -31 + 53?
8
-32 + (13 - 6) + 6 + 2
-17
Calculate -11 + (17 - (5 + 4)).
-3
Evaluate (-21 - (-8 - -11)) + (-5 - -19).
-10
Evaluate 23 - (171 + -165 - (1 + -10)).
8
223 - 225 - (7 - 2 - (-2 + 2))
-7
What is -1 + -11 - -10 - -14?
12
What is the value of -1 - (8 - (0 - (-11 - -4)))?
-2
Calculate -6 + -1 - (0 - 7).
0
What is the value of -23 - (-19 + 2) - (-7 + -8)?
9
What is the value of (15 + -26 + 12 - -12) + 20?
33
What is (-14 - -6) + -1 - (-16 + -5)?
12
What is the value of (7 + -9 - -16) + -6?
8
Evaluate 2424 + -2458 - (1 - (14 - 1)).
-22
1 - (-34 + -11 + 14 + 7)
25
What is the value of (8 + -5 - -2) + 2?
7
Calculate -24 + (-1 - -26 - 23).
-22
What is the value of (-5 - -4 - (-3 + 3)) + (-9 - -10)?
0
Evaluate (-3 - -17) + -3 + (6 - (-8 + 15)).
10
Evaluate -2 + (-9 - (9 - (-2 - (1 + -8)))).
-15
-17 - 1 - (-35 + 48)
-31
4 + -2 + 2 + -44 + 36
-4
What is (-112 - -86) + (-6 - -5 - 4)?
-31
What is the value of (16 - 39) + 34 + -9?
2
What is (0 - -14 - (-1 + 9)) + -2 + -7?
-3
What is the value of (2 - 5) + (19 - 7) + -3?
6
What is the value of 13 + 1 + -8 + -5 + -20 + -8?
-27
Evaluate -13 + (-8 - -21 - 5) - (1 + 7).
-13
What is the value of (-17 - (-15 + 2 + 1)) + 14?
9
Evaluate (1 + -5 - (-5 + 1 + -3)) + -12.
-9
Evaluate -8 - (1 + 0 + (15 - 57 - -13)).
20
(1 - (7 + 3)) + 0 + 7
-2
Calculate (12 - ((-3 - -6) + -12)) + -3.
18
Evaluate -7 + 16 - 12 - (27 + -20).
-10
Evaluate -1 - 2 - 5 - (-5 + 10).
-13
14 - (-6 + (-2 - -29))
-7
What is 13 - ((-3 - (5 - (-6 - -14))) + 1)?
12
-8 + 5 + -15 + 1 + 6
-11
What is the value of 0 - 6 - (-2 - 0) - (-9 + 28)?
-23
What is -109 + 145 - ((6 - 4) + -7)?
41
What is the value of -7 - -28 - 6 - 10?
5
(0 - -2) + (-494 - -517)
25
Calculate (-2178 - -2163) + -17 + 0 + 2.
-30
Calculate (-14 - -10) + 14 + 0.
10
2 + 2 - (-8 + -12 + 31)
-7
What is the value of 9 + (30 - 14) + -13?
12
Calculate -13 + 2 + (24 - 2) - 12.
-1
What is 11 + 20 + (-145 - -97)?
-17
What is (2 - (-1 + (8 - 7))) + -6?
-4
What is -6 + (-12 - -1) + (-57 - -61)?
-13
What is 6 - (28 + (1 - 13))?
-10
What is the value of 4 - 3 - 1 - (-19 - -22) - 20?
-23
What is the value of (-1977 - -1970) + (-1 - (-15 - 1))?
8
3 + 12 + -22 + (-4 + 0 - 1)
-12
Evaluate -81 + 74 - (-5 + 2 - 18) - -9.
23
-34 + 38 + (-3 + 1 - (-3 + -3))
8
What is (-31 - (-42 - -13)) + 6?
4
Evaluate 13 + -9 - (0 + 0).
4
Evaluate (-8 - (-9 - -15)) + 12.
-2
103 - 78 - (44 + -1)
-18
Calculate 3 + 1 - (-55 + 64).
-5
What is (8 - -2) + (16 - (0 + 16))?
10
Calculate 57 + -26 - (9 + 3).
19
What is 2 - (14 + -5 + 8 + -13)?
-2
Evaluate (1 - -2 - (78 + -71)) + 1 + -26.
-29
0 + -6 - (-122 - -125) - 3
-12
Evaluate 17 - (3 - -19 - 7).
2
Evaluate (-15 - -1) + (101 - 50).
37
Evaluate 6 - (2 + 31 - (9 + (3 - 4))).
-19
What is the value of -17 + (31 - 18) - (-5 - -4 - 14)?
11
What is (-13 - -18) + (-10 - -5) - 6?
-6
What is the value of 10 - -13 - 13 - 11?
-1
Calculate 15 + (1 - 7) + 18 + -13 + -5.
9
What is the value of 19 + -11 + 12 + -15?
5
Evaluate -19 + (-1 - -10) + -5 + 9.
-6
Evaluate -2 - (-5 + 4 + (3 - 12)).
8
Evaluate 2 + (1 - -8) - (9 - 0).
2
Calculate 9 - (-11 + 12) - (-1 - -10).
-1
What is the value of (0 - (-36 - -16)) + -6?
14
Evaluate 49 + -53 - (1 - (4 + -1)).
-2
What is the value of (21 - (22 + -2)) + (1 - 3)?
-1
What is 8 + (1 - -7) + (56 - 70)?
2
What is -15 + (1 - (21 - 34))?
-1
Evaluate (-4 - 2) + (4 - 2 - 3 - 0).
-7
Evaluate 1 + 0 + (1 - 7) + -3.
-8
Evaluate 9 - (-6 + -17 + 25).
7
Evaluate 8 + (-17 - -12 - 4).
-1
What is 45 - (33 + -9) - 16?
5
What is 3265 + -3257 - ((-1 - 2) + 1 + 0)?
10
Calculate (-401 - -342) + (42 - 0).
-17
Calculate -7 + 0 + (5 - 12 - (1 - 8)).
-7
Evaluate 7 + -11 + -5 - -9.
0
What is the value of 0 + -33 - (-39 + (102 - 63))?
-33
What is 6 + (12 - 6) + 2 + -7?
7
Evaluate -1 - -8 - (2 - (3 + 4 + -16)).
-4
Evaluate (2 - (0 - 0 - -4)) + 10 + -9.
-1
What is 1 + (4 - (0 + 2)) - (836 + -843)?
10
What is 20 + -59 + 47 + -4?
4
Evaluate 77 - 62 - (2 - 9).
22
What is 10 + -9 + -9 + 5?
-3
What is the value of -24 - (-13 + (1 - 9) + 14)?
-17
What is the value of -14 + (17 - -17) + -10 + -13 + 1?
-2
What is the value of 28 + -4 + -3 + -29?
-8
9 + 1 + (33 + -15 - 34)
-6
Calculate (-11 - (-47 + 26)) + 7.
17
What is -2 + (-3 - -10) + -9 + (0 - -9)?
5
What is the value of (-3 - (3 + -5) - 3) + 1?
-3
2 + (-13 - -4) + -7 + 5 + 1
-8
(-14 - (31 + -14)) + 32
1
Calculate (-1113 - -1120) + (-23 - (-2 + 4 + 0)).
-18
What is the value of -23 + (17 + 8 - -14)?
16
Evaluate 5 - (-3 - (1 + 3) - -6).
6
What is the value of (-23 - -16) + -6 - (0 + 2)?
-15
Evaluate 8 + (1 + -3 - ((1 - -10) + -15)).
10
Calculate 1 + (-32 - -42 - (0 + -4)).
15
Evaluate (-7 - -2) + -4 + 12 + 14 + 3.
20
Evaluate (-3 + 4 + 4 - -1) + 21 + -25.
2
-22 + (29 - (11 + 4))
-8
Evaluate -10 - 1 - (6 - (-17 - -19)).
-15
(-32 - -17 - ((-1 - 16) + 6)) + -10
-14
Evaluate 